on divisor of 1044 and 36.
36
What is the highest common factor of 23 and 8?
1
Calculate the greatest common divisor of 80 and 12200.
40
What is the highest common factor of 84 and 196?
28
What is the highest common factor of 3040 and 874?
38
Calculate the highest common factor of 7 and 189.
7
What is the greatest common factor of 818 and 4?
2
What is the highest common divisor of 60 and 30?
30
Calculate the greatest common factor of 20 and 2420.
20
Calculate the greatest common divisor of 12 and 9498.
6
Calculate the highest common factor of 96 and 176.
16
What is the greatest common divisor of 2465 and 29?
29
What is the greatest common divisor of 238 and 374?
34
What is the greatest common divisor of 3441 and 111?
111
Calculate the highest common factor of 27 and 540.
27
What is the greatest common factor of 8 and 72?
8
Calculate the greatest common divisor of 10123 and 191.
191
Calculate the greatest common divisor of 87058 and 19.
19
Calculate the highest common factor of 707 and 505.
101
Calculate the highest common divisor of 9 and 171.
9
Calculate the greatest common factor of 55 and 6930.
55
What is the greatest common factor of 54 and 5967?
27
Calculate the highest common factor of 11269 and 59.
59
Calculate the highest common factor of 114 and 1767.
57
Calculate the highest common divisor of 25 and 7225.
25
What is the highest common divisor of 35 and 19320?
35
Calculate the greatest common divisor of 18 and 4122.
18
What is the highest common factor of 920 and 200?
40
Calculate the greatest common divisor of 4840 and 22.
22
Calculate the greatest common factor of 1436 and 24053.
359
What is the greatest common divisor of 1158 and 57?
3
Calculate the greatest common divisor of 28616 and 24.
8
What is the greatest common factor of 5301 and 342?
171
Calculate the highest common divisor of 328 and 205.
41
What is the highest common factor of 23 and 483?
23
Calculate the highest common divisor of 184 and 8.
8
What is the greatest common divisor of 2226 and 294?
42
Calculate the greatest common divisor of 156 and 6630.
78
What is the highest common factor of 128 and 3184?
16
What is the highest common divisor of 19 and 3?
1
What is the highest common factor of 676 and 156?
52
What is the greatest common divisor of 18392 and 304?
152
Calculate the greatest common factor of 102 and 1394.
34
What is the highest common divisor of 40 and 55?
5
Calculate the highest common factor of 90 and 125.
5
Calculate the greatest common factor of 12 and 3156.
12
What is the highest common factor of 10 and 180?
10
What is the greatest common divisor of 385 and 1232?
77
Calculate the highest common factor of 32 and 1.
1
What is the greatest common divisor of 119 and 85?
17
Calculate the greatest common divisor of 455 and 4485.
65
What is the greatest common divisor of 21 and 1435?
7
What is the greatest common factor of 462 and 319?
11
Calculate the highest common divisor of 16 and 412.
4
What is the greatest common divisor of 60 and 345?
15
Calculate the highest common factor of 20 and 5.
5
What is the greatest common factor of 415 and 249?
83
What is the greatest common factor of 2 and 42?
2
What is the highest common factor of 17 and 799?
17
What is the greatest common divisor of 40 and 530?
10
Calculate the greatest common factor of 15 and 19.
1
What is the greatest common factor of 559 and 43?
43
What is the highest common divisor of 154 and 238?
14
What is the highest common divisor of 10 and 530?
10
What is the greatest common factor of 48 and 12?
12
What is the highest common divisor of 112 and 196?
28
Calculate the greatest common factor of 61 and 854.
61
What is the greatest common divisor of 1121 and 76?
19
What is the highest common factor of 23 and 115?
23
What is the greatest common factor of 159 and 53?
53
Calculate the highest common divisor of 4089 and 564.
141
What is the highest common factor of 13 and 351?
13
What is the greatest common divisor of 636 and 276?
12
What is the highest common divisor of 16 and 1824?
16
Calculate the greatest common divisor of 35 and 265.
5
Calculate the highest common divisor of 391 and 69.
23
What is the greatest common divisor of 2210 and 25?
5
Calculate the highest common divisor of 1196 and 92.
92
What is the greatest common divisor of 17 and 7?
1
Calculate the greatest common factor of 45 and 28140.
15
Calculate the greatest common divisor of 171 and 38.
19
What is the greatest common factor of 210 and 910?
70
Calculate the highest common divisor of 1 and 41.
1
Calculate the greatest common factor of 18 and 702.
18
What is the highest common factor of 73 and 39785?
73
Calculate the greatest common factor of 42 and 2282.
14
What is the highest common factor of 5008 and 32?
16
Calculate the highest common factor of 24 and 708.
12
Calculate the highest common factor of 741 and 3363.
57
Calculate the greatest common factor of 8 and 296.
8
What is the highest common factor of 13 and 8580?
13
What is the greatest common divisor of 110 and 1265?
55
Calculate the greatest common factor of 2600 and 312.
104
What is the highest common divisor of 194 and 2134?
194
Calculate the highest common divisor of 539 and 11.
11
Calculate the greatest common factor of 6 and 282.
6
Calculate the greatest common divisor of 135 and 27.
27
What is the greatest common divisor of 1001 and 231?
77
Calculate the highest common factor of 581 and 249.
83
What is the highest common divisor of 736 and 23?
23
Calculate the greatest common divisor of 55 and 4015.
55
Calculate the highest common factor of 231 and 4917.
33
What is the highest common factor of 27 and 13653?
9
Calculate the highest common factor of 308 and 56.
28
Calculate the highest common divisor of 192 and 1056.
96
Calculate the greatest common divisor of 80 and 70.
10
What is the greatest common factor of 58 and 17023?
29
What is the greatest common factor of 464 and 48?
16
What is the greatest common factor of 9 and 78?
3
What is the highest common factor of 15 and 145?
5
Calculate the greatest common factor of 1 and 43.
1
Calculate the highest common divisor of 798 and 456.
114
Calculate the highest common factor of 210 and 120.
30
What is the greatest common divisor of 20 and 20?
20
Calculate the highest common divisor of 24 and 336.
24
What is the highest common divisor of 136 and 16?
8
What is the highest common divisor of 20 and 4?
4
What is the highest common factor of 52 and 13?
13
Calculate the highest common divisor of 11763 and 9.
9
Calculate the greatest common divisor of 273 and 780.
39
What is the highest common divisor of 1176 and 168?
168
Calculate the highest common divisor of 4 and 1506.
2
What is the highest common factor of 228 and 372?
12
What is the highest common factor of 3906 and 28?
14
What is the greatest common divisor of 30366 and 126?
126
Calculate the highest common divisor of 5751 and 324.
81
Calculate the highest common divisor of 312 and 1950.
78
Calculate the highest common divisor of 19850 and 50.
50
Calculate the greatest common factor of 4205 and 15.
5
What is the highest common divisor of 208 and 312?
104
What is the greatest common divisor of 1550 and 186?
62
Calculate the greatest common factor of 20569 and 67.
67
Calculate the greatest common divisor of 190 and 53770.
190
What is the highest common divisor of 1 and 28?
1
What is the greatest common divisor of 20 and 3495?
5
Calculate the highest common divisor of 22 and 2794.
22
What is the highest common divisor of 1218 and 1914?
174
What is the greatest common factor of 100 and 1210?
10
What is the highest common divisor of 2 and 298?
2
What is the greatest common factor of 106 and 2?
2
Calculate the highest common divisor of 36 and 81.
9
Calculate the highest common factor of 144 and 296.
8
What is the greatest common factor of 70 and 63?
7
Calculate the greatest common divisor of 423 and 1638.
9
What is the greatest common factor of 216 and 504?
72
What is the greatest common divisor of 2548 and 988?
52
What is the greatest common divisor of 98 and 12908?
14
What is the greatest common factor of 6063 and 387?
129
Calculate the greatest common divisor of 390 and 728.
26
What is the highest common divisor of 190 and 20?
10
Calculate the greatest common factor of 65 and 1